{"id":179,"date":"2023-11-14T19:17:15","date_gmt":"2023-11-14T19:17:15","guid":{"rendered":"https:\/\/janieltours.com\/?page_id=179"},"modified":"2025-03-21T09:35:27","modified_gmt":"2025-03-21T09:35:27","slug":"actualites","status":"publish","type":"page","link":"https:\/\/janieltours.com\/index.php\/actualites\/","title":{"rendered":"Actualit\u00e9s"},"content":{"rendered":"\t\t<div data-elementor-type=\"wp-page\" data-elementor-id=\"179\" class=\"elementor elementor-179\">\n\t\t\t\t<div class=\"elementor-element elementor-element-13aae3a e-flex e-con-boxed e-con e-parent\" data-id=\"13aae3a\" data-element_type=\"container\" data-e-type=\"container\">\n\t\t\t\t\t<div class=\"e-con-inner\">\n\t\t\t\t<div class=\"elementor-element elementor-element-9265bf7 elementor-widget elementor-widget-heading\" data-id=\"9265bf7\" data-element_type=\"widget\" data-e-type=\"widget\" data-widget_type=\"heading.default\">\n\t\t\t\t<div class=\"elementor-widget-container\">\n\t\t\t\t\t<h2 class=\"elementor-heading-title elementor-size-default\">Visite au sanctuaire de Banneux<\/h2>\t\t\t\t<\/div>\n\t\t\t\t<\/div>\n\t\t\t\t\t<\/div>\n\t\t\t\t<\/div>\n\t\t<div class=\"elementor-element elementor-element-5f17bd9 e-flex e-con-boxed e-con e-parent\" data-id=\"5f17bd9\" data-element_type=\"container\" data-e-type=\"container\">\n\t\t\t\t\t<div class=\"e-con-inner\">\n\t\t\t\t<div class=\"elementor-element elementor-element-610efba elementor-widget elementor-widget-video\" data-id=\"610efba\" data-element_type=\"widget\" data-e-type=\"widget\" data-settings=\"{&quot;youtube_url&quot;:&quot;https:\\\/\\\/youtu.be\\\/dujZAO-GQ1Y&quot;,&quot;video_type&quot;:&quot;youtube&quot;,&quot;controls&quot;:&quot;yes&quot;}\" data-widget_type=\"video.default\">\n\t\t\t\t<div class=\"elementor-widget-container\">\n\t\t\t\t\t\t\t<div class=\"elementor-wrapper elementor-open-inline\">\n\t\t\t<div class=\"elementor-video\"><\/div>\t\t<\/div>\n\t\t\t\t\t\t<\/div>\n\t\t\t\t<\/div>\n\t\t\t\t\t<\/div>\n\t\t\t\t<\/div>\n\t\t<div class=\"elementor-element elementor-element-fa363c1 e-flex e-con-boxed e-con e-parent\" data-id=\"fa363c1\" data-element_type=\"container\" data-e-type=\"container\">\n\t\t\t\t\t<div class=\"e-con-inner\">\n\t\t\t\t<div class=\"elementor-element elementor-element-6c98f8f elementor-widget elementor-widget-heading\" data-id=\"6c98f8f\" data-element_type=\"widget\" data-e-type=\"widget\" data-widget_type=\"heading.default\">\n\t\t\t\t<div class=\"elementor-widget-container\">\n\t\t\t\t\t<h2 class=\"elementor-heading-title elementor-size-default\">Conf\u00e9rence de presse du 17 janvier 2025<\/h2>\t\t\t\t<\/div>\n\t\t\t\t<\/div>\n\t\t\t\t\t<\/div>\n\t\t\t\t<\/div>\n\t\t<div class=\"elementor-element elementor-element-a68dcae e-flex e-con-boxed e-con e-parent\" data-id=\"a68dcae\" data-element_type=\"container\" data-e-type=\"container\">\n\t\t\t\t\t<div class=\"e-con-inner\">\n\t\t\t\t<div class=\"elementor-element elementor-element-d7ff372 elementor-widget elementor-widget-text-editor\" data-id=\"d7ff372\" data-element_type=\"widget\" data-e-type=\"widget\" data-widget_type=\"text-editor.default\">\n\t\t\t\t<div class=\"elementor-widget-container\">\n\t\t\t\t\t\t\t\t\t<p style=\"text-align: center;\"><a href=\"https:\/\/www.facebook.com\/share\/p\/1Bh97inxPt\/?mibextid=xfxF2i\"><span style=\"color: #0000ff;\">Lire l&rsquo;article du journal LeFaso.net en cliquant ici.<\/span><\/a><\/p>\t\t\t\t\t\t\t\t<\/div>\n\t\t\t\t<\/div>\n\t\t\t\t\t<\/div>\n\t\t\t\t<\/div>\n\t\t<div class=\"elementor-element elementor-element-3281c2c e-flex e-con-boxed e-con e-parent\" data-id=\"3281c2c\" data-element_type=\"container\" data-e-type=\"container\">\n\t\t\t\t\t<div class=\"e-con-inner\">\n\t\t\t\t<div class=\"elementor-element elementor-element-1132074 elementor-widget elementor-widget-video\" data-id=\"1132074\" data-element_type=\"widget\" data-e-type=\"widget\" data-settings=\"{&quot;youtube_url&quot;:&quot;https:\\\/\\\/youtu.be\\\/I8I7wXW51Uc&quot;,&quot;video_type&quot;:&quot;youtube&quot;,&quot;controls&quot;:&quot;yes&quot;}\" data-widget_type=\"video.default\">\n\t\t\t\t<div class=\"elementor-widget-container\">\n\t\t\t\t\t\t\t<div class=\"elementor-wrapper elementor-open-inline\">\n\t\t\t<div class=\"elementor-video\"><\/div>\t\t<\/div>\n\t\t\t\t\t\t<\/div>\n\t\t\t\t<\/div>\n\t\t\t\t\t<\/div>\n\t\t\t\t<\/div>\n\t\t<div class=\"elementor-element elementor-element-b03a6ae e-flex e-con-boxed e-con e-parent\" data-id=\"b03a6ae\" data-element_type=\"container\" data-e-type=\"container\">\n\t\t\t\t\t<div class=\"e-con-inner\">\n\t\t\t\t<div class=\"elementor-element elementor-element-0897851 elementor-widget elementor-widget-heading\" data-id=\"0897851\" data-element_type=\"widget\" data-e-type=\"widget\" data-widget_type=\"heading.default\">\n\t\t\t\t<div class=\"elementor-widget-container\">\n\t\t\t\t\t<h2 class=\"elementor-heading-title elementor-size-default\">Voeux de nouvel 2025<\/h2>\t\t\t\t<\/div>\n\t\t\t\t<\/div>\n\t\t\t\t\t<\/div>\n\t\t\t\t<\/div>\n\t\t<div class=\"elementor-element elementor-element-2fa9a31 e-flex e-con-boxed e-con e-parent\" data-id=\"2fa9a31\" data-element_type=\"container\" data-e-type=\"container\">\n\t\t\t\t\t<div class=\"e-con-inner\">\n\t\t\t\t<div class=\"elementor-element elementor-element-e92744d elementor-widget elementor-widget-video\" data-id=\"e92744d\" data-element_type=\"widget\" data-e-type=\"widget\" data-settings=\"{&quot;youtube_url&quot;:&quot;https:\\\/\\\/youtu.be\\\/3mofV5hduGk&quot;,&quot;video_type&quot;:&quot;youtube&quot;,&quot;controls&quot;:&quot;yes&quot;}\" data-widget_type=\"video.default\">\n\t\t\t\t<div class=\"elementor-widget-container\">\n\t\t\t\t\t\t\t<div class=\"elementor-wrapper elementor-open-inline\">\n\t\t\t<div class=\"elementor-video\"><\/div>\t\t<\/div>\n\t\t\t\t\t\t<\/div>\n\t\t\t\t<\/div>\n\t\t\t\t\t<\/div>\n\t\t\t\t<\/div>\n\t\t<div class=\"elementor-element elementor-element-e785f69 e-flex e-con-boxed e-con e-parent\" data-id=\"e785f69\" data-element_type=\"container\" data-e-type=\"container\">\n\t\t\t\t\t<div class=\"e-con-inner\">\n\t\t\t\t<div class=\"elementor-element elementor-element-2e15848 elementor-widget elementor-widget-heading\" data-id=\"2e15848\" data-element_type=\"widget\" data-e-type=\"widget\" data-widget_type=\"heading.default\">\n\t\t\t\t<div class=\"elementor-widget-container\">\n\t\t\t\t\t<h2 class=\"elementor-heading-title elementor-size-default\">Phototh\u00e8que<\/h2>\t\t\t\t<\/div>\n\t\t\t\t<\/div>\n\t\t\t\t\t<\/div>\n\t\t\t\t<\/div>\n\t\t<div class=\"elementor-element elementor-element-dc12c8e e-flex e-con-boxed e-con e-parent\" data-id=\"dc12c8e\" data-element_type=\"container\" data-e-type=\"container\" data-settings=\"{&quot;background_background&quot;:&quot;slideshow&quot;,&quot;background_slideshow_gallery&quot;:[{&quot;id&quot;:708,&quot;url&quot;:&quot;https:\\\/\\\/janieltours.com\\\/wp-content\\\/uploads\\\/2023\\\/11\\\/Voyage-du-mois.jpg&quot;},{&quot;id&quot;:703,&quot;url&quot;:&quot;https:\\\/\\\/janieltours.com\\\/wp-content\\\/uploads\\\/2023\\\/11\\\/Temoignage.jpg&quot;},{&quot;id&quot;:702,&quot;url&quot;:&quot;https:\\\/\\\/janieltours.com\\\/wp-content\\\/uploads\\\/2023\\\/11\\\/Petite-histoire.jpg&quot;},{&quot;id&quot;:155,&quot;url&quot;:&quot;https:\\\/\\\/janieltours.com\\\/wp-content\\\/uploads\\\/2023\\\/11\\\/vue-ddd-copie-j-min-1.jpg&quot;},{&quot;id&quot;:123,&quot;url&quot;:&quot;https:\\\/\\\/janieltours.com\\\/wp-content\\\/uploads\\\/2023\\\/11\\\/Sans-titre-1-2-copie-min.jpg&quot;},{&quot;id&quot;:54,&quot;url&quot;:&quot;https:\\\/\\\/janieltours.com\\\/wp-content\\\/uploads\\\/2023\\\/11\\\/image-5-min.jpg&quot;},{&quot;id&quot;:56,&quot;url&quot;:&quot;https:\\\/\\\/janieltours.com\\\/wp-content\\\/uploads\\\/2023\\\/11\\\/image-7-copie-min.jpg&quot;},{&quot;id&quot;:9,&quot;url&quot;:&quot;https:\\\/\\\/janieltours.com\\\/wp-content\\\/uploads\\\/2023\\\/11\\\/1cd-copie-2d-min-scaled.jpg&quot;}],&quot;background_slideshow_loop&quot;:&quot;yes&quot;,&quot;background_slideshow_slide_duration&quot;:5000,&quot;background_slideshow_slide_transition&quot;:&quot;fade&quot;,&quot;background_slideshow_transition_duration&quot;:500}\">\n\t\t\t\t\t<div class=\"e-con-inner\">\n\t\t\t\t\t<\/div>\n\t\t\t\t<\/div>\n\t\t<div class=\"elementor-element elementor-element-e8c923d e-flex e-con-boxed e-con e-parent\" data-id=\"e8c923d\" data-element_type=\"container\" data-e-type=\"container\">\n\t\t\t\t\t<div class=\"e-con-inner\">\n\t\t\t\t<div class=\"elementor-element elementor-element-83c50e8 elementor-widget elementor-widget-heading\" data-id=\"83c50e8\" data-element_type=\"widget\" data-e-type=\"widget\" data-widget_type=\"heading.default\">\n\t\t\t\t<div class=\"elementor-widget-container\">\n\t\t\t\t\t<h2 class=\"elementor-heading-title elementor-size-default\">Vid\u00e9oth\u00e8que<\/h2>\t\t\t\t<\/div>\n\t\t\t\t<\/div>\n\t\t\t\t\t<\/div>\n\t\t\t\t<\/div>\n\t\t<div class=\"elementor-element elementor-element-fa9daf2 e-flex e-con-boxed e-con e-parent\" data-id=\"fa9daf2\" data-element_type=\"container\" data-e-type=\"container\">\n\t\t\t\t\t<div class=\"e-con-inner\">\n\t\t<div class=\"elementor-element elementor-element-66f5b63 e-con-full e-flex e-con e-child\" data-id=\"66f5b63\" data-element_type=\"container\" data-e-type=\"container\">\n\t\t\t\t<div class=\"elementor-element elementor-element-a55233a elementor-widget elementor-widget-heading\" data-id=\"a55233a\" data-element_type=\"widget\" data-e-type=\"widget\" data-widget_type=\"heading.default\">\n\t\t\t\t<div class=\"elementor-widget-container\">\n\t\t\t\t\t<h2 class=\"elementor-heading-title elementor-size-default\">Voyage du mois<\/h2>\t\t\t\t<\/div>\n\t\t\t\t<\/div>\n\t\t\t\t<div class=\"elementor-element elementor-element-9da71f0 elementor-widget elementor-widget-image\" data-id=\"9da71f0\" data-element_type=\"widget\" data-e-type=\"widget\" data-widget_type=\"image.default\">\n\t\t\t\t<div class=\"elementor-widget-container\">\n\t\t\t\t\t\t\t\t\t\t\t\t\t\t\t<img fetchpriority=\"high\" decoding=\"async\" width=\"800\" height=\"600\" src=\"https:\/\/janieltours.com\/wp-content\/uploads\/2023\/11\/Voyage-du-mois.jpg\" class=\"attachment-large size-large wp-image-708\" alt=\"P\u00e8lerinage Agence de voyage Janiel Tours\" srcset=\"https:\/\/janieltours.com\/wp-content\/uploads\/2023\/11\/Voyage-du-mois.jpg 1024w, https:\/\/janieltours.com\/wp-content\/uploads\/2023\/11\/Voyage-du-mois-300x225.jpg 300w, https:\/\/janieltours.com\/wp-content\/uploads\/2023\/11\/Voyage-du-mois-768x576.jpg 768w\" sizes=\"(max-width: 800px) 100vw, 800px\" \/>\t\t\t\t\t\t\t\t\t\t\t\t\t\t\t<\/div>\n\t\t\t\t<\/div>\n\t\t\t\t<\/div>\n\t\t<div class=\"elementor-element elementor-element-32f9b15 e-con-full e-flex e-con e-child\" data-id=\"32f9b15\" data-element_type=\"container\" data-e-type=\"container\">\n\t\t\t\t<div class=\"elementor-element elementor-element-54ab612 elementor-widget elementor-widget-heading\" data-id=\"54ab612\" data-element_type=\"widget\" data-e-type=\"widget\" data-widget_type=\"heading.default\">\n\t\t\t\t<div class=\"elementor-widget-container\">\n\t\t\t\t\t<h2 class=\"elementor-heading-title elementor-size-default\">T\u00e9moignage<\/h2>\t\t\t\t<\/div>\n\t\t\t\t<\/div>\n\t\t\t\t<div class=\"elementor-element elementor-element-1849a7a elementor-widget elementor-widget-image\" data-id=\"1849a7a\" data-element_type=\"widget\" data-e-type=\"widget\" data-widget_type=\"image.default\">\n\t\t\t\t<div class=\"elementor-widget-container\">\n\t\t\t\t\t\t\t\t\t\t\t\t\t\t\t<img decoding=\"async\" width=\"800\" height=\"600\" src=\"https:\/\/janieltours.com\/wp-content\/uploads\/2023\/11\/Temoignage.jpg\" class=\"attachment-large size-large wp-image-703\" alt=\"P\u00e8lerinage Agence de voyage Janiel Tours\" srcset=\"https:\/\/janieltours.com\/wp-content\/uploads\/2023\/11\/Temoignage.jpg 1024w, https:\/\/janieltours.com\/wp-content\/uploads\/2023\/11\/Temoignage-300x225.jpg 300w, https:\/\/janieltours.com\/wp-content\/uploads\/2023\/11\/Temoignage-768x576.jpg 768w\" sizes=\"(max-width: 800px) 100vw, 800px\" \/>\t\t\t\t\t\t\t\t\t\t\t\t\t\t\t<\/div>\n\t\t\t\t<\/div>\n\t\t\t\t<\/div>\n\t\t\t\t\t<\/div>\n\t\t\t\t<\/div>\n\t\t<div class=\"elementor-element elementor-element-cbc638f e-flex e-con-boxed e-con e-parent\" data-id=\"cbc638f\" data-element_type=\"container\" data-e-type=\"container\">\n\t\t\t\t\t<div class=\"e-con-inner\">\n\t\t<div class=\"elementor-element elementor-element-f20ef73 e-con-full e-flex e-con e-child\" data-id=\"f20ef73\" data-element_type=\"container\" data-e-type=\"container\">\n\t\t\t\t<div class=\"elementor-element elementor-element-caa78a4 elementor-widget elementor-widget-image\" data-id=\"caa78a4\" data-element_type=\"widget\" data-e-type=\"widget\" data-widget_type=\"image.default\">\n\t\t\t\t<div class=\"elementor-widget-container\">\n\t\t\t\t\t\t\t\t\t\t\t\t\t\t\t<img decoding=\"async\" width=\"768\" height=\"1024\" src=\"https:\/\/janieltours.com\/wp-content\/uploads\/2023\/11\/Petite-histoire-768x1024.jpg\" class=\"attachment-large size-large wp-image-702\" alt=\"P\u00e8lerinage Agence de voyage Janiel Tours\" srcset=\"https:\/\/janieltours.com\/wp-content\/uploads\/2023\/11\/Petite-histoire-768x1024.jpg 768w, https:\/\/janieltours.com\/wp-content\/uploads\/2023\/11\/Petite-histoire-225x300.jpg 225w, https:\/\/janieltours.com\/wp-content\/uploads\/2023\/11\/Petite-histoire.jpg 1152w\" sizes=\"(max-width: 768px) 100vw, 768px\" \/>\t\t\t\t\t\t\t\t\t\t\t\t\t\t\t<\/div>\n\t\t\t\t<\/div>\n\t\t\t\t<\/div>\n\t\t<div class=\"elementor-element elementor-element-4573e68 e-con-full e-flex e-con e-child\" data-id=\"4573e68\" data-element_type=\"container\" data-e-type=\"container\">\n\t\t\t\t<div class=\"elementor-element elementor-element-a9c1281 elementor-widget elementor-widget-heading\" data-id=\"a9c1281\" data-element_type=\"widget\" data-e-type=\"widget\" data-widget_type=\"heading.default\">\n\t\t\t\t<div class=\"elementor-widget-container\">\n\t\t\t\t\t<h2 class=\"elementor-heading-title elementor-size-default\">Notre petite histoire<\/h2>\t\t\t\t<\/div>\n\t\t\t\t<\/div>\n\t\t\t\t<\/div>\n\t\t\t\t\t<\/div>\n\t\t\t\t<\/div>\n\t\t\t\t<\/div>\n\t\t","protected":false},"excerpt":{"rendered":"<p>Visite au sanctuaire de Banneux Conf\u00e9rence de presse du 17 janvier 2025 Lire l&rsquo;article du journal LeFaso.net en cliquant ici. https:\/\/youtu.be\/I8I7wXW51Uc Voeux de nouvel 2025 Phototh\u00e8que Vid\u00e9oth\u00e8que Voyage du mois T\u00e9moignage Notre petite histoire<\/p>\n","protected":false},"author":1,"featured_media":0,"parent":0,"menu_order":0,"comment_status":"closed","ping_status":"closed","template":"elementor_header_footer","meta":{"footnotes":""},"class_list":["post-179","page","type-page","status-publish","hentry"],"yoast_head":"<!-- This site is optimized with the Yoast SEO plugin v26.8 - https:\/\/yoast.com\/product\/yoast-seo-wordpress\/ -->\n<title>Actualit\u00e9s -<\/title>\n<meta name=\"robots\" content=\"index, follow, max-snippet:-1, max-image-preview:large, max-video-preview:-1\" \/>\n<link rel=\"canonical\" href=\"https:\/\/janieltours.com\/index.php\/actualites\/\" \/>\n<meta property=\"og:locale\" content=\"fr_FR\" \/>\n<meta property=\"og:type\" content=\"article\" \/>\n<meta property=\"og:title\" content=\"Actualit\u00e9s -\" \/>\n<meta property=\"og:description\" content=\"Visite au sanctuaire de Banneux Conf\u00e9rence de presse du 17 janvier 2025 Lire l&rsquo;article du journal LeFaso.net en cliquant ici. https:\/\/youtu.be\/I8I7wXW51Uc Voeux de nouvel 2025 Phototh\u00e8que Vid\u00e9oth\u00e8que Voyage du mois T\u00e9moignage Notre petite histoire\" \/>\n<meta property=\"og:url\" content=\"https:\/\/janieltours.com\/index.php\/actualites\/\" \/>\n<meta property=\"article:publisher\" content=\"https:\/\/web.facebook.com\/janieltours?_rdc=1&amp;_rdr\" \/>\n<meta property=\"article:modified_time\" content=\"2025-03-21T09:35:27+00:00\" \/>\n<meta property=\"og:image\" content=\"https:\/\/janieltours.com\/wp-content\/uploads\/2023\/11\/Voyage-du-mois.jpg\" \/>\n\t<meta property=\"og:image:width\" content=\"1024\" \/>\n\t<meta property=\"og:image:height\" content=\"768\" \/>\n\t<meta property=\"og:image:type\" content=\"image\/jpeg\" \/>\n<meta name=\"twitter:card\" content=\"summary_large_image\" \/>\n<meta name=\"twitter:label1\" content=\"Dur\u00e9e de lecture estim\u00e9e\" \/>\n\t<meta name=\"twitter:data1\" content=\"1 minute\" \/>\n<script type=\"application\/ld+json\" class=\"yoast-schema-graph\">{\"@context\":\"https:\/\/schema.org\",\"@graph\":[{\"@type\":\"WebPage\",\"@id\":\"https:\/\/janieltours.com\/index.php\/actualites\/\",\"url\":\"https:\/\/janieltours.com\/index.php\/actualites\/\",\"name\":\"Actualit\u00e9s -\",\"isPartOf\":{\"@id\":\"https:\/\/janieltours.com\/#website\"},\"primaryImageOfPage\":{\"@id\":\"https:\/\/janieltours.com\/index.php\/actualites\/#primaryimage\"},\"image\":{\"@id\":\"https:\/\/janieltours.com\/index.php\/actualites\/#primaryimage\"},\"thumbnailUrl\":\"https:\/\/janieltours.com\/wp-content\/uploads\/2023\/11\/Voyage-du-mois.jpg\",\"datePublished\":\"2023-11-14T19:17:15+00:00\",\"dateModified\":\"2025-03-21T09:35:27+00:00\",\"breadcrumb\":{\"@id\":\"https:\/\/janieltours.com\/index.php\/actualites\/#breadcrumb\"},\"inLanguage\":\"fr-FR\",\"potentialAction\":[{\"@type\":\"ReadAction\",\"target\":[\"https:\/\/janieltours.com\/index.php\/actualites\/\"]}]},{\"@type\":\"ImageObject\",\"inLanguage\":\"fr-FR\",\"@id\":\"https:\/\/janieltours.com\/index.php\/actualites\/#primaryimage\",\"url\":\"https:\/\/janieltours.com\/wp-content\/uploads\/2023\/11\/Voyage-du-mois.jpg\",\"contentUrl\":\"https:\/\/janieltours.com\/wp-content\/uploads\/2023\/11\/Voyage-du-mois.jpg\",\"width\":1024,\"height\":768,\"caption\":\"P\u00e8lerinage Agence de voyage Janiel Tours\"},{\"@type\":\"BreadcrumbList\",\"@id\":\"https:\/\/janieltours.com\/index.php\/actualites\/#breadcrumb\",\"itemListElement\":[{\"@type\":\"ListItem\",\"position\":1,\"name\":\"Accueil\",\"item\":\"https:\/\/janieltours.com\/\"},{\"@type\":\"ListItem\",\"position\":2,\"name\":\"Actualit\u00e9s\"}]},{\"@type\":\"WebSite\",\"@id\":\"https:\/\/janieltours.com\/#website\",\"url\":\"https:\/\/janieltours.com\/\",\"name\":\"www.janieltours.com\",\"description\":\"\",\"publisher\":{\"@id\":\"https:\/\/janieltours.com\/#organization\"},\"potentialAction\":[{\"@type\":\"SearchAction\",\"target\":{\"@type\":\"EntryPoint\",\"urlTemplate\":\"https:\/\/janieltours.com\/?s={search_term_string}\"},\"query-input\":{\"@type\":\"PropertyValueSpecification\",\"valueRequired\":true,\"valueName\":\"search_term_string\"}}],\"inLanguage\":\"fr-FR\"},{\"@type\":\"Organization\",\"@id\":\"https:\/\/janieltours.com\/#organization\",\"name\":\"Janiel Tours\",\"url\":\"https:\/\/janieltours.com\/\",\"logo\":{\"@type\":\"ImageObject\",\"inLanguage\":\"fr-FR\",\"@id\":\"https:\/\/janieltours.com\/#\/schema\/logo\/image\/\",\"url\":\"https:\/\/janieltours.com\/wp-content\/uploads\/2023\/11\/cropped-LOGO-png.png\",\"contentUrl\":\"https:\/\/janieltours.com\/wp-content\/uploads\/2023\/11\/cropped-LOGO-png.png\",\"width\":2477,\"height\":708,\"caption\":\"Janiel Tours\"},\"image\":{\"@id\":\"https:\/\/janieltours.com\/#\/schema\/logo\/image\/\"},\"sameAs\":[\"https:\/\/web.facebook.com\/janieltours?_rdc=1&_rdr\"]}]}<\/script>\n<!-- \/ Yoast SEO plugin. -->","yoast_head_json":{"title":"Actualit\u00e9s -","robots":{"index":"index","follow":"follow","max-snippet":"max-snippet:-1","max-image-preview":"max-image-preview:large","max-video-preview":"max-video-preview:-1"},"canonical":"https:\/\/janieltours.com\/index.php\/actualites\/","og_locale":"fr_FR","og_type":"article","og_title":"Actualit\u00e9s -","og_description":"Visite au sanctuaire de Banneux Conf\u00e9rence de presse du 17 janvier 2025 Lire l&rsquo;article du journal LeFaso.net en cliquant ici. https:\/\/youtu.be\/I8I7wXW51Uc Voeux de nouvel 2025 Phototh\u00e8que Vid\u00e9oth\u00e8que Voyage du mois T\u00e9moignage Notre petite histoire","og_url":"https:\/\/janieltours.com\/index.php\/actualites\/","article_publisher":"https:\/\/web.facebook.com\/janieltours?_rdc=1&_rdr","article_modified_time":"2025-03-21T09:35:27+00:00","og_image":[{"width":1024,"height":768,"url":"https:\/\/janieltours.com\/wp-content\/uploads\/2023\/11\/Voyage-du-mois.jpg","type":"image\/jpeg"}],"twitter_card":"summary_large_image","twitter_misc":{"Dur\u00e9e de lecture estim\u00e9e":"1 minute"},"schema":{"@context":"https:\/\/schema.org","@graph":[{"@type":"WebPage","@id":"https:\/\/janieltours.com\/index.php\/actualites\/","url":"https:\/\/janieltours.com\/index.php\/actualites\/","name":"Actualit\u00e9s -","isPartOf":{"@id":"https:\/\/janieltours.com\/#website"},"primaryImageOfPage":{"@id":"https:\/\/janieltours.com\/index.php\/actualites\/#primaryimage"},"image":{"@id":"https:\/\/janieltours.com\/index.php\/actualites\/#primaryimage"},"thumbnailUrl":"https:\/\/janieltours.com\/wp-content\/uploads\/2023\/11\/Voyage-du-mois.jpg","datePublished":"2023-11-14T19:17:15+00:00","dateModified":"2025-03-21T09:35:27+00:00","breadcrumb":{"@id":"https:\/\/janieltours.com\/index.php\/actualites\/#breadcrumb"},"inLanguage":"fr-FR","potentialAction":[{"@type":"ReadAction","target":["https:\/\/janieltours.com\/index.php\/actualites\/"]}]},{"@type":"ImageObject","inLanguage":"fr-FR","@id":"https:\/\/janieltours.com\/index.php\/actualites\/#primaryimage","url":"https:\/\/janieltours.com\/wp-content\/uploads\/2023\/11\/Voyage-du-mois.jpg","contentUrl":"https:\/\/janieltours.com\/wp-content\/uploads\/2023\/11\/Voyage-du-mois.jpg","width":1024,"height":768,"caption":"P\u00e8lerinage Agence de voyage Janiel Tours"},{"@type":"BreadcrumbList","@id":"https:\/\/janieltours.com\/index.php\/actualites\/#breadcrumb","itemListElement":[{"@type":"ListItem","position":1,"name":"Accueil","item":"https:\/\/janieltours.com\/"},{"@type":"ListItem","position":2,"name":"Actualit\u00e9s"}]},{"@type":"WebSite","@id":"https:\/\/janieltours.com\/#website","url":"https:\/\/janieltours.com\/","name":"www.janieltours.com","description":"","publisher":{"@id":"https:\/\/janieltours.com\/#organization"},"potentialAction":[{"@type":"SearchAction","target":{"@type":"EntryPoint","urlTemplate":"https:\/\/janieltours.com\/?s={search_term_string}"},"query-input":{"@type":"PropertyValueSpecification","valueRequired":true,"valueName":"search_term_string"}}],"inLanguage":"fr-FR"},{"@type":"Organization","@id":"https:\/\/janieltours.com\/#organization","name":"Janiel Tours","url":"https:\/\/janieltours.com\/","logo":{"@type":"ImageObject","inLanguage":"fr-FR","@id":"https:\/\/janieltours.com\/#\/schema\/logo\/image\/","url":"https:\/\/janieltours.com\/wp-content\/uploads\/2023\/11\/cropped-LOGO-png.png","contentUrl":"https:\/\/janieltours.com\/wp-content\/uploads\/2023\/11\/cropped-LOGO-png.png","width":2477,"height":708,"caption":"Janiel Tours"},"image":{"@id":"https:\/\/janieltours.com\/#\/schema\/logo\/image\/"},"sameAs":["https:\/\/web.facebook.com\/janieltours?_rdc=1&_rdr"]}]}},"_links":{"self":[{"href":"https:\/\/janieltours.com\/index.php\/wp-json\/wp\/v2\/pages\/179","targetHints":{"allow":["GET"]}}],"collection":[{"href":"https:\/\/janieltours.com\/index.php\/wp-json\/wp\/v2\/pages"}],"about":[{"href":"https:\/\/janieltours.com\/index.php\/wp-json\/wp\/v2\/types\/page"}],"author":[{"embeddable":true,"href":"https:\/\/janieltours.com\/index.php\/wp-json\/wp\/v2\/users\/1"}],"replies":[{"embeddable":true,"href":"https:\/\/janieltours.com\/index.php\/wp-json\/wp\/v2\/comments?post=179"}],"version-history":[{"count":22,"href":"https:\/\/janieltours.com\/index.php\/wp-json\/wp\/v2\/pages\/179\/revisions"}],"predecessor-version":[{"id":2118,"href":"https:\/\/janieltours.com\/index.php\/wp-json\/wp\/v2\/pages\/179\/revisions\/2118"}],"wp:attachment":[{"href":"https:\/\/janieltours.com\/index.php\/wp-json\/wp\/v2\/media?parent=179"}],"curies":[{"name":"wp","href":"https:\/\/api.w.org\/{rel}","templated":true}]}}